sor of 69 and q.
23
Let j be 117*(3 + 24/(-9)). What is the greatest common factor of j and 130?
13
Let w = -731 - -1019. Calculate the greatest common factor of w and 352.
32
Let w(q) = q**2 - 30*q + 61. Let y be w(29). What is the highest common factor of 152 and y?
8
Let a be ((-165)/(-66))/((-1)/(-14)). Calculate the greatest common factor of a and 140.
35
Let r(k) = 6*k**3 - 3*k**2 + k - 4. Let s be r(4). Calculate the greatest common factor of 48 and s.
48
Let h = -4 + 7. Suppose -2*w = -s - 9, 2*w + s = 8 + 3. Suppose -1 = 2*v - w*y, 0*v + y = -v + 3. Calculate the highest common factor of v and h.
1
Suppose 5*m - 631 = -4*k - 150, 0 = -5*k - 5*m + 600. What is the greatest common factor of k and 7?
7
Let p(a) = 2*a**2 - 7*a - 7. Let q be 33/6 + (-3)/(-2). Let v be p(q). Calculate the highest common factor of v and 6.
6
Suppose -63*w = -66*w + 27. What is the highest common factor of w and 30?
3
Suppose -18 = -2*c - 5*h, -4*c - 23*h + 25*h + 60 = 0. What is the highest common factor of 28 and c?
14
Let g(n) = -7*n - 5. Let m(k) = -13*k - 10. Let f(s) = -5*g(s) + 3*m(s). Let x be f(-9). Calculate the greatest common factor of x and 62.
31
Suppose 9*r - 5700 = -105*r. Calculate the greatest common divisor of 425 and r.
25
Let i be 39*2 - (-40)/(-10). Let h = 88 - i. What is the greatest common factor of h and 98?
14
Let b be 526/(-8) + 3*4/16. Let y = b + 84. Calculate the highest common factor of y and 57.
19
Let p = -29 + 37. Let x(j) = j**2 - 14*j + 52. Let q be x(p). Calculate the highest common factor of q and 28.
4
Let r = 21 - 18. Suppose u + r*u = 36. Let j(f) = f**2 - 4*f - 11. Let q be j(u). What is the greatest common divisor of 17 and q?
17
Let b(n) = n + 31. Let g be b(-4). Let k(c) = -33*c. Let f be k(-9). What is the highest common divisor of g and f?
27
Suppose d - 3*d = -104. Let g = d - 32. Suppose -2*s + g = -4*m, s + 2*s + m - 44 = 0. What is the highest common divisor of s and 112?
14
Suppose 0 = b + 24*b - 700. What is the greatest common factor of 574 and b?
14
Let b = -215 + 237. Let q be (-200)/(-9) - (7/(-9) + 1). Calculate the greatest common divisor of q and b.
22
Suppose 15 - 13 = -z. Let i be 82/10 - (6/(-15))/z. What is the greatest common factor of i and 88?
8
Let m(w) = w**3 + 15*w**2 + 14*w + 6. Let g be m(-14). Suppose 2*z + 3*d = -3, 2*z + d + 3*d + g = 0. What is the greatest common factor of z and 24?
3
Let b(i) = 7*i**2 - i + 1. Suppose -63*x = -67*x + 20. Let p be b(x). Calculate the highest common factor of p and 9.
9
Suppose 0 = -3*n - 2*n + 20. Suppose 4*d + 2*f = 14 - n, 3*f - 3 = 0. Suppose 0 = 3*o + d*o - 45. Calculate the highest common divisor of o and 99.
9
Let p = 1812 - 1792. Let l = 175 - 115. Calculate the greatest common divisor of p and l.
20
Suppose -3*r = -0*g - 2*g - 46, 68 = 5*r + g. Suppose 2*t - 4*t + r = 0. What is the highest common divisor of t and 7?
7
Suppose 4797 = -32*h + 35*h. Calculate the highest common divisor of 39 and h.
39
Let n(y) = y**2 - 24*y + 11. Let b be n(18). Let s = -35 - b. Let x(g) = -30*g + 1. Let j be x(-1). Calculate the highest common factor of s and j.
31
Suppose 2*n + 56 = 3*a, 78 = -0*a + 4*a - 2*n. Let s be (-40)/(-100) - (-1092)/20. What is the highest common divisor of a and s?
11
Let d be 2/(-2)*(276/(-2))/6. Calculate the highest common divisor of 69 and d.
23
Let c(i) = i**2 + 57*i + 120. Let b be c(-55). What is the highest common divisor of b and 1280?
10
Suppose -6*p + 259 = p. Let a = p - 35. Calculate the highest common factor of 10 and a.
2
Let d be (-8)/(-10)*(2 - -93). Suppose -x = 5, -5*x + 28 - 37 = 4*z. Calculate the highest common factor of d and z.
4
Suppose 8*z - z - 504 = 0. Calculate the greatest common factor of z and 48.
24
Suppose -2*c + 3*p = -51, -c + 2*p = -21 - 3. Suppose -5*r + 18 = -4*l, -3*r - 5*l + 30 = -l. Calculate the greatest common factor of r and c.
6
Suppose 0 = 2*s + 3*s - 40. Let u be 1/(64/20 - (3 - 0)). Let g(y) = 10*y - 18. Let r be g(u). Calculate the greatest common factor of r and s.
8
Suppose -848 = -3*j + 1165. Calculate the greatest common divisor of j and 305.
61
Let j(x) = -5*x - 27. Let y be j(-8). Suppose -1 = 2*r - 3*i, 0 = -2*r - i + 5 - 2. What is the greatest common factor of y and r?
1
Suppose 7*s - 41 = -34. Calculate the highest common divisor of 13 and s.
1
Let w(r) = r**2 - 2*r + 1. Let f be w(5). Let v be ((-16360)/(-85))/4 - 2/17. What is the highest common factor of f and v?
16
Suppose t - 2541 = -4*z, 0 = 4*z - 5*t - 1264 - 1271. What is the highest common factor of 20 and z?
5
Suppose t + 1 = 0, -5*s + 4*t + 86 = -208. Calculate the greatest common factor of 290 and s.
58
Suppose -2*i - 8 + 50 = 0. Let y = -9 + i. Suppose d = -z + y + 3, 66 = 4*d - 2*z. What is the greatest common factor of 64 and d?
16
Let t = -39 + 59. Suppose 3*d + 43 - 140 = -5*z, z = 5*d - 115. Let h be 4/d + 2995/30. What is the greatest common divisor of t and h?
20
Let s(w) = -2*w**2 + 36*w + 22. Let r be s(18). Calculate the highest common divisor of r and 77.
11
Let i(g) = -6*g + 333. Let l be i(39). Let q(o) = -2*o + 1. Let b be q(-5). What is the greatest common divisor of l and b?
11
Suppose 0 = 83*i - 91*i + 520. What is the greatest common factor of 13 and i?
13
Suppose 5*u - 2*m + 125 = 6*u, u - 124 = -m. What is the greatest common divisor of u and 82?
41
Let r be (-24)/(-10) - 2 - 441/(-35). Calculate the highest common factor of 91 and r.
13
Let c(l) = -4*l - 23. Let x be c(-20). What is the greatest common divisor of x and 513?
57
Let g be ((2300/15)/(-5))/((-4)/114). Calculate the greatest common divisor of 46 and g.
46
Let b(j) = 2*j**2 - 13*j + 10. Let q(a) = a**2 - a. Let g(o) = b(o) - q(o). Let x be g(12). Calculate the greatest common factor of 4 and x.
2
Let s = 7 + -10. Let w(t) = t**2 + 3. Let x be w(s). Let a be (x/(-8))/(3/(-16)). Calculate the highest common factor of a and 8.
8
Let n be (-4)/3 + (888/9)/8. Calculate the highest common divisor of n and 781.
11
Suppose 3*x - 10 = x. Let g be (16/6 + -3)/((-1)/12). Let n be g/(4 - -4)*30. What is the highest common divisor of n and x?
5
Let p = 127 + -76. Suppose -2*b + p = g, 0 = -5*g + 5*b + 245 + 25. Let y = 95 - g. What is the greatest common factor of 28 and y?
14
Suppose -271 + 23 = -4*u. Let c be -3*(-5 - (2 - 7) - 31). Calculate the greatest common factor of c and u.
31
Suppose -32*t + 21*t + 44 = 0. What is the greatest common divisor of t and 4?
4
Suppose -3*j - 7 = -2*j + 3*b, -2*j = -5*b - 8. Let q be 1 + (-4 - j) + 3. Let r be q/(-3 - 176/(-58)). What is the greatest common divisor of r and 319?
29
Suppose 131 = 4*l - 5*u, -7*l - 4*u = -11*l + 128. What is the highest common divisor of 319 and l?
29
Let x(t) = t**2 + 10*t + 3. Let r be (13*-5)/5 + 3. Let c be x(r). Calculate the highest common factor of c and 24.
3
Let c(a) = -a**2 + 9*a + 66. Let x be c(0). Calculate the highest common factor of 12 and x.
6
Let q(z) = -67*z + 1. Let c be q(-2). Let u = -63 + c. Let r be 86/10 + (-8)/(-20). What is the greatest common divisor of u and r?
9
Let c be (2/3)/((-6)/36). Let a(r) = r**2 + 6*r + 30. Let n be a(c). What is the greatest common divisor of 77 and n?
11
Let o = 129 + -17. Suppose 2*n + 38 = 5*y, 2*y + 21*n - 15 = 22*n. What is the greatest common divisor of o and y?
8
Let n be (-14)/(-105) - (-4586)/30. Calculate the greatest common divisor of n and 17.
17
Suppose 4*c - 6*c = -2*a + 176, -5*c + 169 = 2*a. What is the greatest common factor of a and 116?
29
Suppose -990 = -11*a + 5*a. Suppose -3*o + 45 = 2*k, k = -k + o + 25. What is the greatest common divisor of k and a?
15
Suppose -11*x = -14*x. Suppose -19 - 43 = -3*u + d, x = 5*u + 4*d - 75. Calculate the greatest common factor of u and 190.
19
Suppose -5*o - 290 = -5*z, o - 53 - 231 = -5*z. Suppose -2 = 3*c + 1, 3*c - z = -4*p. Let j = p + -2. What is the highest common divisor of j and 13?
13
Let a = 116 + 456. What is the greatest common factor of 44 and a?
44
Let z(n) = -2*n**2 + 12*n + 32. Let m be z(13). Let i = 175 + m. What is the greatest common divisor of 25 and i?
25
Let r = -72 + 75. Suppose r*j - 58 - 50 = 0. What is the highest common factor of j and 48?
12
Suppose 0 = -5*p - 20, -5*i - 4*p + 4 = -0*p. Calculate the greatest common factor of 1